= 3*z. Calculate the remainder when z is divided by 9.
6
Let n(a) = 2*a**2 - 10*a - 3. Let t(i) = -3*i**2 + 11*i + 3. Let h(l) = -5*n(l) - 4*t(l). Calculate the remainder when h(-5) is divided by 5.
3
Let k = 12 + -20. Calculate the remainder when 3 is divided by (k/(-6) - 2)*-3.
1
Suppose -6 = 4*m - 22. Suppose 9 = m*y - 43. What is the remainder when y is divided by 5?
3
Let i(d) = -d - 4. Calculate the remainder when 8 is divided by i(-7).
2
Suppose 5*j = 3*c - 6, -3*j = 3*c - 2*j - 24. Let a = c + 19. What is the remainder when a is divided by 14?
12
Let c = -6 + 14. Let x = -2 - c. What is the remainder when (-224)/x - (-9)/15 is divided by 12?
11
Let m = 2 - -8. Suppose 4*k = -s + 151, 2*s + 4*k - 14 = 272. Suppose -3*q + 80 = -4*w, 5*q - w = 4*w + s. Calculate the remainder when q is divided by m.
8
Let n(r) be the first derivative of r**3/3 - r**2 - 3*r + 4. What is the remainder when 17 is divided by n(4)?
2
Let x(d) = 2*d**2 + 8*d + 5. Let m be 1/(((-6)/(-4))/(-3)). Let n = -3 + m. Calculate the remainder when x(n) is divided by 6.
3
Suppose -m + 3*g + 2*g - 20 = 0, -3*g + 30 = 3*m. Let k = -13 + 25. What is the remainder when k is divided by m?
2
Let l(z) = z**2 + 8*z + 2. What is the remainder when 20 is divided by l(-9)?
9
Let i(u) = -2*u + 38. Calculate the remainder when 4 is divided by i(18).
0
What is the remainder when 53 is divided by 0 + 0 + -2 + 11?
8
Let h = -1 - -4. Suppose 0 = -c + k - 42, -h*c - 2*k = c + 192. Let n = -27 - c. What is the remainder when 55 is divided by n?
17
Suppose 6*g - 27 = 3*g. Let n = 157 + -142. Calculate the remainder when n is divided by g.
6
Let a be 14/(-49) + 114/7. Suppose 0 = z + 3*z + a, 2*s - 5*z = 38. What is the remainder when 35 is divided by s?
8
Let x(c) be the first derivative of -3/2*c**2 + 2 - c. Calculate the remainder when 9 is divided by x(-2).
4
Suppose -5*n + 300 = -4*q, -4*n + 76 = -3*n - 4*q. Calculate the remainder when n is divided by 15.
11
Let s(h) = -13*h - 19. What is the remainder when 125 is divided by s(-4)?
26
Let p(f) = f + 14. Let a be p(-12). Suppose -k - n + 87 = a*k, 0 = 5*k + 4*n - 138. What is the remainder when k is divided by 8?
6
What is the remainder when ((-2)/12 + 1)/(10/60) is divided by 2?
1
Suppose -16*z + 18*z - 16 = 0. Let r = 9 - 5. What is the remainder when z is divided by r?
0
Let w = 8 + -5. Suppose 2 = -s - x, w + 13 = -2*s + 4*x. What is the remainder when 26 is divided by (-6)/s - 30/(-4)?
8
Let y(t) = -6*t**3 - t**2 + 3*t + 1. Let p be (-22)/11 + 1 + -1. What is the remainder when y(p) is divided by 14?
11
Let l = 41 - 33. Suppose -4 = -4*i - 0*i. Suppose -l = 2*x - 5*j - i, 4*j = 20. What is the remainder when 16 is divided by x?
7
Let b(r) = 4*r + 2. Suppose -w + 5*w = 108. What is the remainder when w is divided by b(2)?
7
Let f be ((-14)/(-4))/(3/(-6)). Let y(k) = k**3 + 7*k**2 - 7*k - 10. What is the remainder when y(f) is divided by 10?
9
Suppose -a + 55 - 16 = 0. Suppose 0 = h - 5*p + 16 + 1, -4*h - 4*p - 92 = 0. Let q = a + h. Calculate the remainder when q is divided by 6.
5
Let q(c) = -2*c**3 + 2*c + 3. Let a = -58 + 15. What is the remainder when a/(-1) - (-1 - -1) is divided by q(-2)?
13
Suppose 3*l = 2*m - 20, -5*l = -2*l + 4*m - 4. Calculate the remainder when 63 is divided by (-4 - -2)*26/l.
11
Let f(n) = 7*n**3 - 2*n**2 - 1. What is the remainder when f(2) is divided by 12?
11
Let r = 128 + -99. What is the remainder when 55 is divided by r?
26
Let u(a) = -a - 12. Let w be u(8). What is the remainder when (3/6)/((-2)/w) is divided by 4?
1
Calculate the remainder when (-1)/((-4)/208*2) is divided by 7.
5
Let b(k) = k**2 + 12*k + 14. Calculate the remainder when b(-11) is divided by (4/(-4))/2*-2.
0
Let c = -24 + 28. Let d = 8 - -1. What is the remainder when d is divided by c?
1
Let n = 13 - 8. Suppose -4*c = 4*s - 92, 34 - n = s + 3*c. What is the remainder when 38 is divided by s?
18
Let y be (16/10)/(4/30). Let s = 51 - y. Let d(g) = g**2 - 4*g - 1. Calculate the remainder when s is divided by d(-3).
19
Suppose 0*d - 4*d = 12. Suppose -p - 51 = -2*p. Calculate the remainder when p is divided by (2 - -1)*(-13)/d.
12
Let j = 220 - 366. Let x be j/(-4) - 2/4. Suppose -3*h = h - x. Calculate the remainder when h is divided by 5.
4
Suppose 4*y - 36 = -3*w, -4*w = -0*w - y - 67. Let v = 10 - w. Let z(o) = -o - 1. Calculate the remainder when 13 is divided by z(v).
3
Let k(w) = -w - 9. Let p be k(-6). Calculate the remainder when p*(-6)/27*30 is divided by 11.
9
Suppose 54 = 4*p - 50. Suppose 5*y + 14 = -2*v + 53, 4*y + p = v. What is the remainder when 64 is divided by v?
20
Calculate the remainder when 35 is divided by 1 + ((-36)/(-1))/2.
16
Let h = 6 + 73. What is the remainder when h is divided by 27?
25
Let f(g) = -g**3 + 8*g**2 - 10*g + 7. Calculate the remainder when 75 is divided by f(6).
18
Suppose 0 = -0*i - i + 5. Suppose i*v - v = 48. What is the remainder when 23 is divided by v?
11
Let d = 46 - -24. What is the remainder when d is divided by (-2*3 + 0)*-4?
22
Let s(u) = 41*u. What is the remainder when s(1) is divided by 14?
13
Suppose 5*i = g + 377, 0*g + 2*g = 3*i - 222. Suppose -v + 4*c + 15 = 0, -4*v + c - 6 = -7*v. Calculate the remainder when (-4)/18 + i/18 is divided by v.
1
Suppose -4*b = -6*b + 130. Calculate the remainder when b is divided by 22.
21
Let u be (-1310)/(-55) - (-2)/11. Let o be (-3)/((-9)/u) + -2. Calculate the remainder when 19 is divided by (-8)/(-12) - (-56)/o.
9
Suppose -2*p + 4*p = 312. Suppose -j = -4*j + 114. Calculate the remainder when j is divided by (4/6)/(8/p).
12
Suppose -34*c = -31*c - 120. Calculate the remainder when c is divided by 15.
10
Let m(n) = -n**3 - n**2 + 5*n + 2. Calculate the remainder when m(-4) is divided by 17.
13
Let g be ((-15)/9 + 1)*-3. Suppose 5*m - g + 7 = -5*s, -2*m - 4*s = 4. Suppose m = -2*u + 38 + 8. What is the remainder when u is divided by 8?
7
Let b(n) = n**3 - 3*n**2 + 2*n - 2. Let p = 0 + 2. Suppose p*l + 3*z - 12 = 0, -3*z = 2*l + 2*l - 24. What is the remainder when b(4) is divided by l?
4
Let k = 125 + -42. Calculate the remainder when k is divided by 21.
20
Let l = 1 - 13. Let k = 23 + l. Calculate the remainder when 21 is divided by k.
10
Calculate the remainder when (231/(-35))/((-3)/15) is divided by 9.
6
Let a = -15 - -11. Let f = a - -6. Suppose 5*m + 40 = 3*d, 5*d = d + 5*m + 45. Calculate the remainder when d is divided by f.
1
Let g(m) = 5*m - 10. Suppose -3*y - 9 - 3 = 0. What is the remainder when g(8) is divided by (4*y)/(-4 - -3)?
14
Suppose 0 = 2*c - 19 - 21. Suppose -3*n - 2*n + c = 0, 0 = 4*l + 2*n - 48. Suppose 0 = 5*d - 32 - 63. Calculate the remainder when d is divided by l.
9
Suppose -2*v + 9 + 9 = 0. What is the remainder when v - (-1 - -4) - 1 is divided by 2?
1
Suppose 0 = r - 5*n - 29, 4*r - 2*n + 3*n - 158 = 0. Calculate the remainder when r is divided by 6.
3
Let d = 8 + -5. Suppose -7 = -3*h + d*i + 74, 5*i + 48 = 2*h. What is the remainder when h is divided by 15?
14
Suppose 0 = 2*l - 8, -7*y - 4*l = -2*y - 221. Calculate the remainder when y is divided by 11.
8
Let d = 4 + 3. What is the remainder when 18 is divided by d?
4
Let u be 0 + (0 - (0 + -2)). Suppose -5*t - u*b + 152 = 0, 2*t - 3*b - 87 = -11. Calculate the remainder when t is divided by 11.
10
Suppose q + 40 = i, -3*i + i = 2*q - 80. What is the remainder when i is divided by 14?
12
What is the remainder when 51 is divided by 18 - ((-4)/14 - 10/(-35))?
15
Calculate the remainder when 94 is divided by (-166)/(-7) + 14/49.
22
Let y be (-9)/(-3) + (-4)/(-2). Suppose -4*j - 20 = 0, -5*p + y*j + 197 = -p. What is the remainder when p is divided by 15?
13
Let g(h) = -4*h - 10. Calculate the remainder when 236 is divided by g(-11).
32
Suppose 4*t - 20 = 5*t. Let f = 25 - t. Calculate the remainder when f is divided by 23.
22
Calculate the remainder when ((-60)/(-7))/((-48)/(-504)) is divided by 13.
12
Let z(g) = -4*g - 3. What is the remainder when z(-3) is divided by 5?
4
Let t = 56 - -27. What is the remainder when t is divided by 28?
27
Let u(n) = 7*n - 1. Let o be u(1). Let y be (1 + o/(-3))*-5. Suppose -y*w = -85 + 20. What is the remainder when 38 is divided by w?
12
Suppose 0 = -5*w + 2*n - 198, -5*w - 3*n - 102 = -2*w. Let p = w + 63. Calculat